648?
6
What is the tens digit of 31044?
4
What is the units digit of 1837?
7
What is the tens digit of 11474?
7
What is the units digit of 2044?
4
What is the tens digit of 227?
2
What is the thousands digit of 32353?
2
What is the tens digit of 40913?
1
What is the hundreds digit of 655?
6
What is the units digit of 90?
0
What is the units digit of 102007?
7
What is the thousands digit of 7650?
7
What is the tens digit of 507?
0
What is the thousands digit of 17315?
7
What is the ten thousands digit of 52995?
5
What is the hundred thousands digit of 177073?
1
What is the units digit of 115034?
4
What is the hundreds digit of 1323?
3
What is the thousands digit of 1428?
1
What is the tens digit of 3142?
4
What is the tens digit of 19877?
7
What is the thousands digit of 36503?
6
What is the units digit of 2034?
4
What is the tens digit of 843?
4
What is the hundreds digit of 1599?
5
What is the tens digit of 128343?
4
What is the hundreds digit of 17652?
6
What is the units digit of 4867?
7
What is the ten thousands digit of 13999?
1
What is the units digit of 120?
0
What is the hundreds digit of 74111?
1
What is the thousands digit of 2957?
2
What is the units digit of 67052?
2
What is the hundreds digit of 63659?
6
What is the units digit of 47625?
5
What is the thousands digit of 1102?
1
What is the units digit of 1729?
9
What is the thousands digit of 22219?
2
What is the hundreds digit of 9110?
1
What is the units digit of 11696?
6
What is the thousands digit of 82113?
2
What is the tens digit of 1048?
4
What is the hundred thousands digit of 159879?
1
What is the thousands digit of 1623?
1
What is the hundreds digit of 28584?
5
What is the tens digit of 720?
2
What is the units digit of 56?
6
What is the tens digit of 627?
2
What is the tens digit of 158?
5
What is the hundreds digit of 2013?
0
What is the units digit of 2868?
8
What is the tens digit of 4400?
0
What is the ten thousands digit of 18846?
1
What is the hundreds digit of 3920?
9
What is the tens digit of 6237?
3
What is the units digit of 6920?
0
What is the hundreds digit of 928?
9
What is the tens digit of 20330?
3
What is the units digit of 6002?
2
What is the ten thousands digit of 77121?
7
What is the thousands digit of 1372?
1
What is the thousands digit of 6482?
6
What is the hundreds digit of 1263?
2
What is the units digit of 6544?
4
What is the thousands digit of 12416?
2
What is the tens digit of 7783?
8
What is the units digit of 23379?
9
What is the tens digit of 527?
2
What is the ten thousands digit of 29746?
2
What is the hundreds digit of 10612?
6
What is the thousands digit of 1353?
1
What is the hundreds digit of 592?
5
What is the hundreds digit of 4332?
3
What is the tens digit of 2314?
1
What is the thousands digit of 3283?
3
What is the thousands digit of 2253?
2
What is the thousands digit of 1089?
1
What is the tens digit of 21806?
0
What is the thousands digit of 1577?
1
What is the units digit of 637?
7
What is the tens digit of 56624?
2
What is the units digit of 1170?
0
What is the tens digit of 61012?
1
What is the tens digit of 166?
6
What is the thousands digit of 8725?
8
What is the thousands digit of 8155?
8
What is the hundreds digit of 1448?
4
What is the ten thousands digit of 10239?
1
What is the units digit of 1320?
0
What is the tens digit of 1513?
1
What is the hundreds digit of 11457?
4
What is the units digit of 908?
8
What is the units digit of 1329?
9
What is the hundreds digit of 1104?
1
What is the tens digit of 394?
9
What is the units digit of 31493?
3
What is the thousands digit of 4381?
4
What is the units digit of 563?
3
What is the thousands digit of 3153?
3
What is the tens digit of 1892?
9
What is the thousands digit of 45100?
5
What is the thousands digit of 29925?
9
What is the units digit of 2574?
4
What is the tens digit of 2164?
6
What is the units digit of 3822?
2
What is the hundreds digit of 5464?
4
What is the units digit of 4468?
8
What is the tens digit of 7383?
8
What is the units digit of 29673?
3
What is the units digit of 1094?
4
What is the hundreds digit of 567?
5
What is the units digit of 3561?
1
What is the tens digit of 2913?
1
What is the thousands digit of 5214?
5
What is the thousands digit of 31759?
1
What is the units digit of 257?
7
What is the units digit of 75559?
9
What is the units digit of 3257?
7
What is the ten thousands digit of 10059?
1
What is the thousands digit of 1681?
1
What is the units digit of 3794?
4
What is the ten thousands digit of 11546?
1
What is the hundreds digit of 741?
7
What is the units digit of 36917?
7
What is the tens digit of 1740?
4
What is the thousands digit of 12878?
2
What is the thousands digit of 1324?
1
What is the hundreds digit of 28046?
0
What is the thousands digit of 1455?
1
What is the ten thousands digit of 18883?
1
What is the units digit of 2537?
7
What is the units digit of 280?
0
What is the hundreds digit of 1591?
5
What is the units digit of 26725?
5
What is the units digit of 706?
6
What is the thousands digit of 2539?
2
What is the hundreds digit of 2890?
8
What is the thousands digit of 3284?
3
What is the units digit of 8?
8
What is the hundreds digit of 10242?
2
What is the thousands digit of 1876?
1
What is the tens digit of 1563?
6
What is the hundreds digit of 5375?
3
What is the units digit of 11855?
5
What is the tens digit of 47176?
7
What is the thousands digit of 8278?
8
What is the thousands digit of 75884?
5
What is the tens digit of 60011?
1
What is the hundreds digit of 7601?
6
What is the hundreds digit of 239?
2
What is the ten thousands digit of 32588?
3
What is the thousands digit of 6129?
6
What is the thousands digit of 16840?
6
What is the units digit of 22483?
3
What is the thousands digit of 26434?
6
What is the units digit of 2213?
3
What is the units digit of 13220?
0
What is the thousands digit of 18772?
8
What is the units digit of 766?
6
What is the tens digit of 11045?
4
What is the hundreds digit of 4112?
1
What is the thousands digit of 14541?
4
What is the thousands digit of 14876?
4
What is the ten thousands digit of 35123?
3
What is the hundreds digit of 8764?
7
What is the tens digit of 54784?
8
What is the hundreds digit of 4531?
5
What is the tens digit of 53?
5
What is the thousands digit of 100408?
0
What is the thousands digit of 4127?
4
What is the ten thousands digit of 31841?
3
What is the units digit of 17224?
4
What is the hundreds digit of 541?
5
What is the units digit of 28178?
8
What is the thousands digit of 68065?
8
What is the tens digit of 15735?
3
What is the hundreds digit of 43024?
0
What is the hundreds digit of 3924?
9
What is the tens digit of 5744?
4
What is the ten thousands digit of 26302?
2
What is the hundreds digit of 56146?
1
What is the units digit of 3292?
2
What is the hundreds digit of 965?
9
What is the thousands digit of 1542?
1
What is the tens digit of 53934?
3
What is the tens digit of 1794?
9
What is the tens digit of 613?
1
What is the units digit of 339?
9
What is the tens digit of 269?
6
What is the hundreds digit of 127615?
6
What is the tens digit of 84399?
9
What is the hundreds digit of 484?
4
What is the units digit of 1163?
3
What is the hundreds digit of 190?
1
What is the hundreds digit of 3773?
7
What is the thousands digit of 74415?
4
What is the tens digit of 668?
6
What is the thousands digit of 96542?
6
What is the tens digit of 1135?
3
What is the ten thousands digit of 42170?
4
What is the tens digit of 1135?
3
What is the ten thousands digit of 87698?
8
What is the hundreds digit of 8445?
4
What is the units digit of 152484?
4
What is the tens digit of 604?
0
What is the units digit of 28822?
2
What is the units digit of 8808?
8
What is the ten thousands digit of 11498?
1
What is the hundreds digit of 1141?
1
What is the tens digit of 16408?
0
What is the ten thousands digit of 34428?
3
What is the units digit of 492?
2
What is the units digit of 42081?
1
What is the thousands digit of 6342?
6
What is the tens digit of 30580?
8
What is the tens digit of 30254?
5
What is the hundreds digit of 5538?
5
What is the units digit of 404?
4
What is the hundred thousands digit of 144358?
1
What is the units digit of 53852?
2
What is the units digit